uppose 0 = o - 3*h - g, 5*o - 51 = -5*h + 34. What is the tens digit of o?
2
Suppose 7*g + 40*g = 1821138 + 174952. What is the ten thousands digit of g?
4
Let b(l) be the second derivative of l**4/12 - 5*l**3/6 + 103*l**2/2 - 196*l. What is the hundreds digit of b(15)?
2
Let c(r) = 158*r + 23915. What is the thousands digit of c(0)?
3
Let u be (4 - (4 - 2))/((-4)/18). Let s be 150/((-3)/1*(-2)/u). Let z = s - -395. What is the hundreds digit of z?
1
Suppose 0 = 4*c - 7*c + 1344. Suppose 69*m - c = 68*m. Suppose -5*z + 631 = 2*l - 105, -3*z + 2*l = -m. What is the hundreds digit of z?
1
Let n(f) = 838*f**2 - 361*f + 1794. What is the units digit of n(5)?
9
Let p(a) = 4*a**2 + 122*a - 928. What is the tens digit of p(-79)?
9
Suppose -20*y = -22*y + 12. Suppose -y*b = -3*b - 57. Let u(k) = -k**3 + 18*k**2 + 24*k - 10. What is the tens digit of u(b)?
8
Suppose 4*t = 3*c - 8*c - 534, 3*c + 346 = 4*t. What is the units digit of (3*(1 - 6))/(3/c)?
0
Let s(o) = 17404*o**3 + 2*o**2 + o - 1. Let d be s(1). Suppose d = 24*h + 3534. What is the units digit of h?
8
Suppose 3*v - 207 = -d, 0 = 5*d - 2*d - v - 611. What is the tens digit of d?
0
Let p be (-6278 - -4) + -6 + -4. What is the units digit of p/(-10) + (-12)/30?
8
Let f(o) = -23 - 8 - 3 - 7*o - 4. Let z(a) = -a**2 - 4*a - 3. Let y be z(-6). What is the units digit of f(y)?
7
Suppose -4*m = 0, -8 = 5*x - m - 28. Suppose -371 = -x*t + 829. Suppose -w + 4*w - t = -4*i, 0 = -4*w - 3*i + 393. What is the tens digit of w?
9
Let o = -18957 + 26586. What is the units digit of o?
9
Let j be (7/2)/((-1)/880*-10). Suppose j*i + 6736 = 316*i. What is the tens digit of i?
4
Suppose 8*x - 25*x + 84233 = -9777. What is the hundreds digit of x?
5
Let i(o) be the second derivative of 4*o**5/15 + o**4/4 + o**3/3 - 3*o. Let z(k) be the second derivative of i(k). What is the tens digit of z(3)?
0
Let a(z) = -13*z**2 - 3 + 4*z**3 - 5*z - 3*z**3 + 16*z**2 + 4. Let h be a(-4). Suppose 2*c - 10*n - 499 = -h*n, -1025 = -4*c + n. What is the units digit of c?
7
Let u(f) = f**3 - 7*f**2 + 8*f - 13. Let a be u(6). What is the units digit of a + 15/21 - 7530/(-42)?
9
Let o be ((-74)/4)/(2/76). Let q = -421 - o. What is the hundreds digit of q?
2
Let b = 11 - 9. Suppose 0 = -2*v + b + 8. Suppose -i = -m + 5*m - 324, v*m = 5*i + 380. What is the units digit of m?
0
What is the thousands digit of ((-274106)/(-21))/7*(-2 + (-100)/(-8))?
9
Suppose 13*w = 8*w + 25. Suppose -w*x + 13 = -7. Suppose 3*v = x*s - 320, -3*v + 8*v - 186 = -2*s. What is the tens digit of s?
8
Suppose -49*x + 37*x = 216. Let q = x + 212. What is the units digit of q?
4
Suppose -39*n + 402362 - 113879 = 0. What is the thousands digit of n?
7
Suppose p + p - 2 = 0. Let z(x) = 342*x - 1. What is the units digit of z(p)?
1
Let u(i) = 3*i**2 + 41*i + 19. Let g be u(-13). Let l be 2 + g + (-109 - -3). Let a = 80 - l. What is the units digit of a?
1
Let v be (-10)/(-4) - (-11)/22. Let m be -1 - (v/3 - 1)*1. What is the tens digit of (528/18)/(m/(-3))?
8
What is the tens digit of 165*-141*16/(-72)?
7
Suppose -5*n - 3447 = -14177. Suppose 0 = -3*z + 2*m + n, -m + 0*m = -4*z + 2863. What is the tens digit of z?
1
Let w = 75438 + -39516. What is the hundreds digit of w?
9
Suppose -4155 - 166312 = -52*n + 367005. What is the units digit of n?
6
Suppose -2*l + 12 = 4*l. Suppose 2*t + 30 = 4*c, l*c + 3*t - 2*t = 5. Suppose -c*h + 522 = h. What is the units digit of h?
7
Let f = 4330 + 2143. What is the thousands digit of f?
6
Let q(p) = 64*p - 43. Let s be 4*(-8)/(-96)*9. What is the units digit of q(s)?
9
Let m = 9 - 6. Suppose -n = m*p - 1504, -569 = -3*p - 2*n + 936. What is the units digit of p?
1
Let w be (-4)/(-14) - 130/(-35). Suppose 132 - 1536 = -w*g. What is the tens digit of g?
5
Suppose g - 3*o = 4*g - 723, 2*g - 4*o - 506 = 0. Suppose -9*d + g = -493. What is the tens digit of d?
8
Let o(v) = 1816*v + 193. What is the hundreds digit of o(1)?
0
What is the thousands digit of (-23)/(5750/75) + 283346/20?
4
Suppose 0 = -2*q + t + t + 504, -4*q + 5*t + 1004 = 0. Suppose w - q + 12 = 0. What is the tens digit of w?
4
Let w = 187 + -179. Suppose 0*t = 4*t + w, c = 2*t + 249. What is the tens digit of c?
4
Suppose -d - 7 = -16. Let j be (120/d)/((1/3)/(-1)). Let q = 43 + j. What is the units digit of q?
3
Let w be 15 - (2 - (2 - 1)). Let x be (288/14 - 0)/(2/w). Let t = 207 - x. What is the tens digit of t?
6
Let k = -9430 + 68325. What is the tens digit of k?
9
Suppose 0 = 3*r - z - 148, 25 = -r + 2*z + 81. Suppose -r*v = -52*v + 100. Suppose 3*w = -13 + v. What is the units digit of w?
4
What is the tens digit of 80*(4 - (363165/(-44))/15)?
4
What is the hundreds digit of (2447/(-4))/((-189)/1512)?
8
Suppose 0 = 30*l + 27 + 63. Let u(t) = 79*t**2 - 14*t - 63. What is the units digit of u(l)?
0
Suppose 9417788 - 2151480 = 566*u. What is the ten thousands digit of u?
1
Suppose 13*j = 3*u + 18*j - 104628, 2*j - 174399 = -5*u. What is the hundreds digit of u?
8
Suppose 18*q - 16*q = 0. Suppose -r = -q*r - 13. What is the units digit of 1*r*(-2 - -9)?
1
Let n = -794 - -1762. Suppose -h = -1, -19*o + 14*o = -2*h - n. What is the hundreds digit of o?
1
Let n(d) = -5*d**3 + 246*d**2 + 77*d - 83. What is the hundreds digit of n(48)?
4
Suppose 8*f - 2*f = 11*f. Suppose 4*w = v + 35, f*v + 5*w = 5*v + 100. Let l(t) = t**2 + 13*t + 8. What is the tens digit of l(v)?
3
What is the tens digit of (-12 + 748/85)/((-2)/10910)?
5
Suppose 5*t = 5*l + 5, 4*t + 0*l - 2 = 2*l. Suppose -50*i + 45*i + 440 = t. Suppose i = 12*g - 8. What is the units digit of g?
8
Suppose -2*x - 4*q = q - 121, 3*x + 3*q = 186. Let z be 3200/18 + 329/x + -5. Let w = 292 - z. What is the units digit of w?
4
Let y(u) = -7*u**3 - 2*u**2 + 9*u - 10. Let v be y(-6). Suppose 4*w + 2*x - v = 0, -w + 2*x + 353 = 7*x. What is the hundreds digit of w?
3
Suppose -2*v - 33 = 15. Let f be 726/(-4)*32/v. Suppose -472 - f = -7*z. What is the hundreds digit of z?
1
Let l(i) be the first derivative of -35*i**3/6 - 21*i**2/2 - 47*i - 5. Let w(a) be the first derivative of l(a). What is the tens digit of w(-5)?
5
Let v = 149 + -30. Suppose -5*s - v - 306 = 0. Let f = s + 156. What is the units digit of f?
1
Let q be -1536 - 6 - (0 - 0). What is the hundreds digit of ((q/4)/(-3))/((-18)/(-36))?
2
Let i be 0 - (-11 + 2 + -4). Let j be i/104 - 14/(-16). What is the units digit of ((-1)/j)/(12/(-204))?
7
Let m(x) = -x**2 - 10*x + 8. Let w be m(-11). Let f be (-42)/5*(-70)/w. What is the units digit of (f + 2)/(-2) + (1 - 2)?
6
Suppose -462*o = -474*o + 117900. What is the hundreds digit of o?
8
Suppose 0 = 18*r - 4*r - 56. What is the tens digit of -6 - (-1648 + r + -1)?
3
Suppose 20 = 39*c - 43*c. Let y(l) = -94*l - 19. What is the hundreds digit of y(c)?
4
Suppose 2*j + 1778 - 12849 = -m, -j + 5531 = -m. What is the units digit of j?
4
Let b = 1167 - -69. Suppose 302 = a + 5*z, 6 + b = 4*a + 3*z. What is the units digit of a?
2
Suppose -l - 75 = 4*o, o - 4*l + l + 35 = 0. Let y(x) = x**3 + 20*x**2 - 12*x + 9. Let v be y(o). Let m = v + -138. What is the tens digit of m?
1
Let m = -86 - -98. Let j(i) = i**3 - 8*i**2 - 20*i + 14. What is the hundreds digit of j(m)?
3
What is the hundreds digit of 140164*7/28 + 6 + (-4 - 3)?
0
Suppose -16*l - 26780 = -21*l + r, l - 5*r = 5356. What is the thousands digit of l?
5
Let d(k) = -59*k**3 + 21*k**2 + 62*k + 36. What is the units digit of d(-6)?
4
Suppose 0 = z + z - 4. Suppose -z*o + 7*o - m = 1100, 2*o = -3*m + 457. What is the tens digit of o?
2
Suppose 55*c = 57*c + 2*r - 20838, -c = 4*r - 10413. What is the ten thousands digit of c?
1
Let t be ((-135)/(-54))/((-25)/24 - -1). Let h = t + 229. Let j = -46 + h. What is the units digit of j?
3
Suppose 3*g = 20 - 8. Suppose 320 = g*x - 864. Suppose -5*j = 3*p + p - 268, 4*p - 2*j - x = 0. What is the units digit of p?
2
Suppose -7*t + 14190 = -15777. What is the tens digit of t?
8
Let j(r) = 10*r + 12 - 2*r**2 + 32 + 68*r**3 - 67*r**3. What is the hundreds digit of j(7)?
3
Let o(u) = 58*u + 44. Let k be o(4). Let v = -68 + k. What is the hundreds digit of v?
2
Let u = 548 - 501. Suppose 4*p + 588 = 2*m, u*m = 51*m + 5*p - 1163. What is the hundreds digit of m?
2
Suppose -44612 = -4*n - 36*h + 31*h, -3*n + 5*h = -33494. What is th